{"id":425,"date":"2018-04-20T09:23:54","date_gmt":"2018-04-20T09:23:54","guid":{"rendered":"https:\/\/www.emmera.be\/mra\/?page_id=425"},"modified":"2018-04-20T09:23:54","modified_gmt":"2018-04-20T09:23:54","slug":"legal","status":"publish","type":"page","link":"https:\/\/www.emmera.be\/mra\/index.php\/legal\/","title":{"rendered":"Legal"},"content":{"rendered":"<p>Le titulaire du pr\u00e9sent site internet est :<\/p>\n<p><a href=\"https:\/\/www.emmera.be\">EMMERA<\/a> SPRL<br \/>\nBeau-Site I\u00e8re Avenue 50<br \/>\n1330 Rixensart<br \/>\nBE 0 469 597 091<\/p>\n<p>Contact mail : info@emmera.be<\/p>\n<p>L\u2019utilisateur reconna\u00eet par le fait m\u00eame de l\u2019utilisation du site et de ses informations qu\u2019il accepte toutes les pr\u00e9sentes conditions d\u2019utilisation. Si une disposition de ces conditions n\u2019est pas applicable ou si elle est en contradiction avec une disposition de droit imp\u00e9ratif, cette non applicabilit\u00e9 n\u2019influence pas la validit\u00e9 ou la pertinence des autres dispositions.<br \/>\nToute information et prix fournis sur ce site le sont exclusivement \u00e0 titre indicatif.<\/p>\n<h2 class=\"subtitle\">Propri\u00e9t\u00e9 intellectuelle<\/h2>\n<p>Tous les \u00e9l\u00e9ments visuels, illustrations et autres donn\u00e9es sur ce site, sont prot\u00e9g\u00e9s par des droits d\u2019auteur et des droits de propri\u00e9t\u00e9 intellectuelle. Toute forme de reproduction, publication, exp\u00e9dition de tout ou partie du pr\u00e9sent site web et de son contenu, ou toute utilisation de ceux-ci sont interdits sans l\u2019autorisation \u00e9crite pr\u00e9alable de Emmera SPRL. Il est \u00e9galement interdit d\u2019exploiter ces informations \u00e0 des fins illicites, ou commerciales.<\/p>\n<h2 class=\"subtitle\">Hyperliens<\/h2>\n<p>Les hyperliens menant du pr\u00e9sent site web vers des sites web externes compl\u00e8tement ind\u00e9pendants peuvent \u00eatre pr\u00e9sents sur le site. Emmera SPRL ne garantit en aucune fa\u00e7on le caract\u00e8re pr\u00e9cis, complet et v\u00e9ridique des informations contenues dans de tels liens hypertexte ou sur d\u2019autres sites internet. Les risques inh\u00e9rents \u00e0 la visite de tels sites li\u00e9s sont enti\u00e8rement support\u00e9s par l\u2019utilisateur. La pr\u00e9sence des hyperliens ne signifie en aucune mani\u00e8re que Emmera SPRL adh\u00e8re \u00e0 leur contenu ou accepte une responsabilit\u00e9 quelconque pour le contenu ou l\u2019utilisation de cet autre site web.<\/p>\n<h2 class=\"subtitle\">Absence de d\u00e9clarations et de garanties<\/h2>\n<p>Malgr\u00e9 nos efforts pour mettre \u00e0 disposition des informations pr\u00e9cises, leur conformit\u00e9 et leur exactitude ne peuvent \u00eatre garanties. Emmera SPRL rejette toute responsabilit\u00e9 d\u00e9coulant de la pr\u00e9sence \u00e9ventuelle d\u2019erreurs. Toute information fournie sur ce site l\u2019est exclusivement \u00e0 titre indicatif, sans aucune garantie implicite ou explicite.<\/p>\n<h2 class=\"subtitle\">Responsabilit\u00e9 limit\u00e9e<\/h2>\n<p>Emmera SPRL ne peut \u00eatre tenue responsable d\u2019\u00e9ventuels dommages directs, indirects ou fortuits r\u00e9sultant de l\u2019utilisation du pr\u00e9sent site web. Ceci vaut entre autres pour les \u00e9ventuelles infections par virus informatiques.<\/p>\n<h2 class=\"subtitle\">Adaptations des mentions l\u00e9gales<\/h2>\n<p>Emmera SPRL se r\u00e9serve le droit de changer \u00e0 tout moment et sans pr\u00e9avis, les mentions l\u00e9gales applicables sur le site. Nous invitons l\u2019utilisateur \u00e0 consulter cette page, pour v\u00e9rifier les mentions l\u00e9gales applicables au moment de sa visite.<\/p>\n<h2>Protection de la vie priv\u00e9e<\/h2>\n<p>Nous comprenons que la protection de la vie priv\u00e9e des visiteurs de nos sites Internet est tr\u00e8s importante.\u00a0 C&#8217;est pourquoi nous avons pris les mesures n\u00e9cessaires pour satisfaire aux conditions internationales relatives aux donn\u00e9es de la vie priv\u00e9e. Nous traitons vos &#8220;donn\u00e9es personnelles&#8221; \u00a0selon les lois en vigueur dans l&#8217;EU. (GDPR et vie priv\u00e9e)<\/p>\n<h2 class=\"subtitle\">Donn\u00e9es personnelles<\/h2>\n<p>Emmera SPRL n&#8217;enregistre pas de donn\u00e9es personnelles, sauf si celles-ci sont fournies volontairement et spontan\u00e9ment.<\/p>\n<p>Si le visiteur s&#8217;inscrit pour recevoir des informations par courrier \u00e9lectronique, ledit visiteur autorise Emmera SPRL \u00e0 enregistrer ses donn\u00e9es \u00e0 caract\u00e8re personnel dans un fichier de Emmera SPRL. Lors de chaque communication par courrier \u00e9lectronique le visiteur aura la possibilit\u00e9 de refuser tout envoi ult\u00e9rieur d&#8217;informations. Si le visiteur s&#8217;inscrit pour recevoir des informations par courrier postal, il a la possibilit\u00e9 de fournir ses donn\u00e9es aux seules fins du traitement de sa demande sp\u00e9cifique ou de les fournir en vue de recevoir \u00e0 l&#8217;avenir d&#8217;autres informations. Dans ce dernier cas, le visiteur autorise Emmera SPRL \u00e0 stocker ses donn\u00e9es \u00e0 caract\u00e8re personnel dans un fichier de Emmera SPRL, dans le but de r\u00e9aliser une gestion automatis\u00e9e de la client\u00e8le et des \u00e9tudes de march\u00e9.<\/p>\n<p>Le visiteur a le droit de consulter, voire de rectifier, les donn\u00e9es le concernant. Vous avez \u00e9galement le droit de vous opposer -sans frais- au traitement de vos donn\u00e9es \u00e0 des fins de marketing direct. Vous pouvez adresser votre demande de consultation, rectification ou d&#8217;opposition \u00e0 Emmera SPRL, en utilisant les coordonn\u00e9es mentionn\u00e9es en haut de la page.<\/p>\n<h2><b>Collecte automatique d&#8217;informations<\/b><\/h2>\n<p>Nous recevons automatiquement certains types d&#8217;information d\u00e8s que vous entrez en contact avec nous via nos sites ou lorsque nous \u00e9changeons certains e-mails. Les technologies informatiques que nous utilisons peuvent, par exemple, inclure les adresses Web Server logs\/IP et les cookies.<\/p>\n<p><b>Web Server Logs\/IP Addresses<\/b>. Une adresse IP est un num\u00e9ro qui est attribu\u00e9 \u00e0 votre ordinateur chaque fois que vous acc\u00e9dez \u00e0 Internet. Toutes les identifications d&#8217;ordinateurs sur Internet sont transmises avec une adresse IP qui permet aux ordinateurs et aux serveurs de pouvoir communiquer entre eux. Emmera collecte les adresses IP pour permettre de r\u00e9aliser des analyses sur le site ainsi que des analyses de performance.<\/p>\n<p><b>Cookies<\/b>. Un cookie est un fragment d&#8217;information qui est automatiquement plac\u00e9 sur le disque dur de votre ordinateur lorsque vous acc\u00e9dez \u00e0 certains sites Internet. Les cookies nous permettent de stocker de l&#8217;information sur le serveur, ce qui nous permettra de rendre votre visite sur le site plus agr\u00e9able et qui nous permettra de r\u00e9aliser des analyses sur le site ainsi que des analyses de performance. La plupart des browser sont configur\u00e9s pour accepter les cookies. Mais il vous est toujours possible de configurer votre browser pour qu&#8217;il refuse tous les cookies ou qu&#8217;il vous indique lorsqu&#8217;un cookie a \u00e9t\u00e9 envoy\u00e9. Notez toutefois que certaines parties de nos sites ne pourront pas fonctionner correctement si vous refusez les cookies.<\/p>\n","protected":false},"excerpt":{"rendered":"<p>Le titulaire du pr\u00e9sent site internet est : EMMERA SPRL Beau-Site I\u00e8re Avenue 50 1330 Rixensart BE 0 469 597 091 Contact mail : info@emmera.be L\u2019utilisateur reconna\u00eet par le fait m\u00eame de l\u2019utilisation du site et de ses informations qu\u2019il accepte toutes les pr\u00e9sentes conditions d\u2019utilisation. Si une disposition de ces conditions n\u2019est pas applicable &hellip; <\/p>\n<p class=\"link-more\"><a href=\"https:\/\/www.emmera.be\/mra\/index.php\/legal\/\" class=\"more-link\">Continue reading<span class=\"screen-reader-text\"> &#8220;Legal&#8221;<\/span><\/a><\/p>\n","protected":false},"author":1,"featured_media":0,"parent":0,"menu_order":0,"comment_status":"closed","ping_status":"closed","template":"","meta":{"footnotes":""},"class_list":["post-425","page","type-page","status-publish","hentry"],"yoast_head":"<!-- This site is optimized with the Yoast SEO plugin v24.9 - https:\/\/yoast.com\/wordpress\/plugins\/seo\/ -->\n<title>Legal - EMMERA<\/title>\n<meta name=\"robots\" content=\"index, follow, max-snippet:-1, max-image-preview:large, max-video-preview:-1\" \/>\n<link rel=\"canonical\" href=\"https:\/\/www.emmera.be\/mra\/index.php\/legal\/\" \/>\n<meta property=\"og:locale\" content=\"en_GB\" \/>\n<meta property=\"og:type\" content=\"article\" \/>\n<meta property=\"og:title\" content=\"Legal - EMMERA\" \/>\n<meta property=\"og:description\" content=\"Le titulaire du pr\u00e9sent site internet est : EMMERA SPRL Beau-Site I\u00e8re Avenue 50 1330 Rixensart BE 0 469 597 091 Contact mail : info@emmera.be L\u2019utilisateur reconna\u00eet par le fait m\u00eame de l\u2019utilisation du site et de ses informations qu\u2019il accepte toutes les pr\u00e9sentes conditions d\u2019utilisation. Si une disposition de ces conditions n\u2019est pas applicable &hellip; Continue reading &quot;Legal&quot;\" \/>\n<meta property=\"og:url\" content=\"https:\/\/www.emmera.be\/mra\/index.php\/legal\/\" \/>\n<meta property=\"og:site_name\" content=\"EMMERA\" \/>\n<meta name=\"twitter:card\" content=\"summary_large_image\" \/>\n<meta name=\"twitter:label1\" content=\"Estimated reading time\" \/>\n\t<meta name=\"twitter:data1\" content=\"5 minutes\" \/>\n<script type=\"application\/ld+json\" class=\"yoast-schema-graph\">{\"@context\":\"https:\/\/schema.org\",\"@graph\":[{\"@type\":\"WebPage\",\"@id\":\"https:\/\/www.emmera.be\/mra\/index.php\/legal\/\",\"url\":\"https:\/\/www.emmera.be\/mra\/index.php\/legal\/\",\"name\":\"Legal - EMMERA\",\"isPartOf\":{\"@id\":\"https:\/\/www.emmera.be\/mra\/#website\"},\"datePublished\":\"2018-04-20T09:23:54+00:00\",\"breadcrumb\":{\"@id\":\"https:\/\/www.emmera.be\/mra\/index.php\/legal\/#breadcrumb\"},\"inLanguage\":\"en-GB\",\"potentialAction\":[{\"@type\":\"ReadAction\",\"target\":[\"https:\/\/www.emmera.be\/mra\/index.php\/legal\/\"]}]},{\"@type\":\"BreadcrumbList\",\"@id\":\"https:\/\/www.emmera.be\/mra\/index.php\/legal\/#breadcrumb\",\"itemListElement\":[{\"@type\":\"ListItem\",\"position\":1,\"name\":\"Home\",\"item\":\"https:\/\/www.emmera.be\/mra\/\"},{\"@type\":\"ListItem\",\"position\":2,\"name\":\"Legal\"}]},{\"@type\":\"WebSite\",\"@id\":\"https:\/\/www.emmera.be\/mra\/#website\",\"url\":\"https:\/\/www.emmera.be\/mra\/\",\"name\":\"EMMERA\",\"description\":\"Security Risk Data Protection\",\"publisher\":{\"@id\":\"https:\/\/www.emmera.be\/mra\/#organization\"},\"potentialAction\":[{\"@type\":\"SearchAction\",\"target\":{\"@type\":\"EntryPoint\",\"urlTemplate\":\"https:\/\/www.emmera.be\/mra\/?s={search_term_string}\"},\"query-input\":{\"@type\":\"PropertyValueSpecification\",\"valueRequired\":true,\"valueName\":\"search_term_string\"}}],\"inLanguage\":\"en-GB\"},{\"@type\":\"Organization\",\"@id\":\"https:\/\/www.emmera.be\/mra\/#organization\",\"name\":\"Emmera\",\"url\":\"https:\/\/www.emmera.be\/mra\/\",\"logo\":{\"@type\":\"ImageObject\",\"inLanguage\":\"en-GB\",\"@id\":\"https:\/\/www.emmera.be\/mra\/#\/schema\/logo\/image\/\",\"url\":\"https:\/\/www.emmera.be\/mra\/wp-content\/uploads\/2017\/09\/Emmera.png\",\"contentUrl\":\"https:\/\/www.emmera.be\/mra\/wp-content\/uploads\/2017\/09\/Emmera.png\",\"width\":361,\"height\":127,\"caption\":\"Emmera\"},\"image\":{\"@id\":\"https:\/\/www.emmera.be\/mra\/#\/schema\/logo\/image\/\"}}]}<\/script>\n<!-- \/ Yoast SEO plugin. -->","yoast_head_json":{"title":"Legal - EMMERA","robots":{"index":"index","follow":"follow","max-snippet":"max-snippet:-1","max-image-preview":"max-image-preview:large","max-video-preview":"max-video-preview:-1"},"canonical":"https:\/\/www.emmera.be\/mra\/index.php\/legal\/","og_locale":"en_GB","og_type":"article","og_title":"Legal - EMMERA","og_description":"Le titulaire du pr\u00e9sent site internet est : EMMERA SPRL Beau-Site I\u00e8re Avenue 50 1330 Rixensart BE 0 469 597 091 Contact mail : info@emmera.be L\u2019utilisateur reconna\u00eet par le fait m\u00eame de l\u2019utilisation du site et de ses informations qu\u2019il accepte toutes les pr\u00e9sentes conditions d\u2019utilisation. Si une disposition de ces conditions n\u2019est pas applicable &hellip; Continue reading \"Legal\"","og_url":"https:\/\/www.emmera.be\/mra\/index.php\/legal\/","og_site_name":"EMMERA","twitter_card":"summary_large_image","twitter_misc":{"Estimated reading time":"5 minutes"},"schema":{"@context":"https:\/\/schema.org","@graph":[{"@type":"WebPage","@id":"https:\/\/www.emmera.be\/mra\/index.php\/legal\/","url":"https:\/\/www.emmera.be\/mra\/index.php\/legal\/","name":"Legal - EMMERA","isPartOf":{"@id":"https:\/\/www.emmera.be\/mra\/#website"},"datePublished":"2018-04-20T09:23:54+00:00","breadcrumb":{"@id":"https:\/\/www.emmera.be\/mra\/index.php\/legal\/#breadcrumb"},"inLanguage":"en-GB","potentialAction":[{"@type":"ReadAction","target":["https:\/\/www.emmera.be\/mra\/index.php\/legal\/"]}]},{"@type":"BreadcrumbList","@id":"https:\/\/www.emmera.be\/mra\/index.php\/legal\/#breadcrumb","itemListElement":[{"@type":"ListItem","position":1,"name":"Home","item":"https:\/\/www.emmera.be\/mra\/"},{"@type":"ListItem","position":2,"name":"Legal"}]},{"@type":"WebSite","@id":"https:\/\/www.emmera.be\/mra\/#website","url":"https:\/\/www.emmera.be\/mra\/","name":"EMMERA","description":"Security Risk Data Protection","publisher":{"@id":"https:\/\/www.emmera.be\/mra\/#organization"},"potentialAction":[{"@type":"SearchAction","target":{"@type":"EntryPoint","urlTemplate":"https:\/\/www.emmera.be\/mra\/?s={search_term_string}"},"query-input":{"@type":"PropertyValueSpecification","valueRequired":true,"valueName":"search_term_string"}}],"inLanguage":"en-GB"},{"@type":"Organization","@id":"https:\/\/www.emmera.be\/mra\/#organization","name":"Emmera","url":"https:\/\/www.emmera.be\/mra\/","logo":{"@type":"ImageObject","inLanguage":"en-GB","@id":"https:\/\/www.emmera.be\/mra\/#\/schema\/logo\/image\/","url":"https:\/\/www.emmera.be\/mra\/wp-content\/uploads\/2017\/09\/Emmera.png","contentUrl":"https:\/\/www.emmera.be\/mra\/wp-content\/uploads\/2017\/09\/Emmera.png","width":361,"height":127,"caption":"Emmera"},"image":{"@id":"https:\/\/www.emmera.be\/mra\/#\/schema\/logo\/image\/"}}]}},"jetpack_sharing_enabled":true,"jetpack_shortlink":"https:\/\/wp.me\/P9bOTr-6R","_links":{"self":[{"href":"https:\/\/www.emmera.be\/mra\/index.php\/wp-json\/wp\/v2\/pages\/425","targetHints":{"allow":["GET"]}}],"collection":[{"href":"https:\/\/www.emmera.be\/mra\/index.php\/wp-json\/wp\/v2\/pages"}],"about":[{"href":"https:\/\/www.emmera.be\/mra\/index.php\/wp-json\/wp\/v2\/types\/page"}],"author":[{"embeddable":true,"href":"https:\/\/www.emmera.be\/mra\/index.php\/wp-json\/wp\/v2\/users\/1"}],"replies":[{"embeddable":true,"href":"https:\/\/www.emmera.be\/mra\/index.php\/wp-json\/wp\/v2\/comments?post=425"}],"version-history":[{"count":1,"href":"https:\/\/www.emmera.be\/mra\/index.php\/wp-json\/wp\/v2\/pages\/425\/revisions"}],"predecessor-version":[{"id":426,"href":"https:\/\/www.emmera.be\/mra\/index.php\/wp-json\/wp\/v2\/pages\/425\/revisions\/426"}],"wp:attachment":[{"href":"https:\/\/www.emmera.be\/mra\/index.php\/wp-json\/wp\/v2\/media?parent=425"}],"curies":[{"name":"wp","href":"https:\/\/api.w.org\/{rel}","templated":true}]}}